pose -4*s + 12 = 4. Suppose 0 = d + s*d - 30. What is the highest common divisor of d and x?
10
Let k = 59 - 36. Suppose -9*b + 210 = -3*b. Let n = 58 - b. Calculate the highest common factor of k and n.
23
Let l(a) = 9*a**3 - 2*a**2 - 6*a + 7. Let d be l(1). What is the highest common factor of d and 72?
8
Let y be 12 + -1*(2 + -1). Suppose -2*j - 1 = -4*k + 21, 2*j + 5*k = -31. Let x(r) = -9*r - 18. Let l be x(j). Calculate the greatest common divisor of y and l.
11
Let c(s) = s**2 - 12*s + 17. Let a(f) = -f - 1. Let n(x) = -3*a(x) + c(x). Let t be n(9). What is the highest common factor of t and 30?
10
Suppose -2*n - 2*n - 289 = -3*g, 0 = 2*g + 2*n - 174. Let q = -14 - -27. What is the highest common factor of g and q?
13
Suppose -3*f + 104 = -3*c + 4*c, 86 = 2*f + 4*c. Suppose 7*l = -f + 194. Calculate the highest common factor of 115 and l.
23
Let q be (-6)/(-21) - (-209)/77. What is the greatest common factor of 51 and q?
3
Suppose 3*y = 2*o - 34, 2*o + y - 68 = -2*o. Let r = 31 - o. Calculate the highest common factor of r and 7.
7
Suppose 2*c - 3*n + 7 = -0*c, -5*n - 23 = c. Let p be (-113)/(-5) + c/(-20). Calculate the highest common divisor of 46 and p.
23
Let m(f) = 11*f + 138. Let t be m(-7). What is the highest common factor of t and 427?
61
Let p be 32/6*(165/22 + 12). Calculate the highest common divisor of 390 and p.
26
Suppose -446 = 2*h - 1406. Calculate the highest common divisor of 15 and h.
15
Let q(i) = -i**3 + 23*i**2 + 24*i + 54. Let r be q(24). Calculate the greatest common divisor of r and 90.
18
Suppose 8*y = -4*y + 684. Suppose -3*v = m - 116, 3*v = -3*m + 58 + 62. Calculate the highest common factor of y and v.
19
Let h = 904 + -499. Calculate the highest common divisor of 45 and h.
45
Let d be -5*1 + -6 + 13. Calculate the highest common divisor of 10 and d.
2
Suppose -261*m - 180 = -266*m. Suppose -4*f - 5*r + 36 = 0, f + r = 2*f. Calculate the highest common factor of m and f.
4
Let i(q) = q**2 + 2*q + 1. Let r be i(-6). Suppose 3*o - 3 - 9 = 0. Let h be (8/6)/(o/150). What is the highest common factor of h and r?
25
Let u(n) = -102*n + 8. Let k be u(-7). Suppose -182 + k = 5*t. What is the highest common factor of 27 and t?
27
Suppose 0 = 19*b - 16*b - 126. Let t = -167 + 461. What is the highest common divisor of b and t?
42
Let d(m) = 6*m - 39. Let q be d(-5). Let g = q + 73. What is the highest common divisor of 3 and g?
1
Let a = 390 + -381. What is the highest common factor of 261 and a?
9
Let z(i) be the first derivative of -i**3/3 + 3*i**2 - 5*i + 4. Let n be z(4). Let c be n/(-4) + (-134)/(-8). What is the highest common divisor of c and 4?
4
Let y be (-3 - 63)/(6/(-4)). Suppose 5*w = y - 124. Let b = -11 - w. What is the greatest common factor of 55 and b?
5
Let d be 5/2 - (-2499)/102. Let b be ((-3)/(-2))/((-12)/(-16)). Let j be (-727)/(-3) + b/3. Calculate the highest common divisor of j and d.
27
Let t be (-2)/(-1) + (-4)/12*-477. Calculate the highest common divisor of t and 115.
23
Let l(i) = -18*i - 6. Let t be l(-7). Let b = 22 + -19. Let u be 73/b + (-1)/3. Calculate the highest common factor of t and u.
24
Let a(m) = -m**3 - 9*m**2 - 11*m + 6. Let i(y) = 4*y + 15. Let u be i(-6). Let n be a(u). What is the greatest common divisor of n and 42?
21
Suppose -f = 2*s + 33, 0*f - 61 = 2*f - s. Let x = f - -95. What is the greatest common factor of 8 and x?
8
Let m = -376 + 384. What is the highest common divisor of 184 and m?
8
Suppose g - 10 = -4*g. Suppose j + 2*t - 2 = 2, -9 = -3*j - 3*t. What is the highest common divisor of g and j?
2
Suppose -4*o + 3*o - 2*h = -19, -6*o = -2*h - 58. What is the highest common divisor of o and 407?
11
Suppose -3*p = 2 - 14. Suppose -11 + 3 = -p*g. What is the greatest common divisor of g and 22?
2
Let u = 7 - -131. Let s = 142 - u. Calculate the highest common factor of s and 1.
1
Let w = 89 - 55. What is the greatest common divisor of 51 and w?
17
Let h = 70 - 42. What is the greatest common divisor of 518 and h?
14
Let t(s) be the third derivative of s**5/60 + s**4/3 - 23*s**3/6 - 15*s**2. Let h be t(-17). Calculate the greatest common divisor of h and 26.
26
Let r be 1428*(2 + -4 - 42/(-14)). Calculate the highest common divisor of r and 126.
42
Let h(b) = 2*b**3 - 12*b**2 - 6*b + 4. Let g(s) = s**3 + s. Let u(d) = 3*g(d) - h(d). Let o be u(-11). What is the highest common divisor of o and 72?
18
Suppose -2*b = -2*g + 24, g = 4*g - b - 44. Suppose y - g = -3*y. Suppose -q = y*q - 240. Calculate the greatest common divisor of 6 and q.
6
Let g(n) = n**2 - n + 52. Let o be g(11). Calculate the greatest common factor of 12 and o.
6
Let p(y) = y**2 - 7*y - 10. Let t be (-3)/(-2)*(-11 + 17). Let m be p(t). Calculate the highest common factor of m and 24.
8
Let w(k) be the second derivative of k - 1/3*k**3 - 5/2*k**2 - 1/20*k**5 + 0 + 2/3*k**4. Let g be w(6). What is the highest common factor of 22 and g?
11
Let n(c) = 4 - c**2 + 1 - 1. Let g be n(0). What is the highest common divisor of g and 1?
1
Let q = 3 + -3. Suppose q = 5*h - 5*j + 200, 70 = -h - 0*j - 5*j. Let d = 39 - h. Calculate the greatest common factor of 56 and d.
28
Let l be 32*(-60)/(-8) - (-3 - -1). Suppose -3*u = g + 4*g - l, 5*u + g = 418. Calculate the greatest common divisor of u and 126.
42
Let q(k) = 2*k**2 - 28*k + 86. Let j be q(10). Let i(o) = 8*o**2 + 1. Let v be i(-1). What is the greatest common divisor of v and j?
3
Suppose -356 = -2*i + 2*g, -110*i = -107*i - 4*g - 536. What is the highest common factor of 132 and i?
44
Let p be 8 + 161/(-23) + 20/2. Let l(m) = m + 6. Let f be l(-6). Suppose -g - i + 68 = f, -g = -2*i - 29 - 33. Calculate the highest common divisor of p and g.
11
Suppose -32*x = 5*x - 1184. What is the greatest common factor of 88 and x?
8
Suppose 3*b + 37*b - 2240 = 0. Calculate the greatest common factor of b and 280.
56
Let h = -58 + 60. Suppose -4*o + h*k = -34, 0*o + k - 18 = -3*o. Calculate the greatest common divisor of 63 and o.
7
Let a be -8*-1*26/8. Let m(r) = -r**3 + 11*r**2 + 38*r - 130. Let f be m(13). What is the greatest common divisor of f and a?
26
Let z(g) = -5*g**2 - 91*g - 2. Let d be z(-18). Calculate the highest common factor of 48 and d.
16
Let u = -86 + 144. What is the greatest common divisor of u and 145?
29
Let p(o) = o**3 - 9*o**2 + 2*o - 15. Let a = 84 - 74. Let h be p(a). Calculate the highest common divisor of 21 and h.
21
Let k(d) = d**2 - 2*d - 4 - 9 - 2*d. Suppose -5*y = -4*n - 41, -3*n + y - 14 - 14 = 0. Let z be k(n). What is the highest common divisor of z and 13?
13
Let u be -1 - ((-10)/(-45) - (-5368)/(-18)). Calculate the greatest common divisor of 54 and u.
27
Suppose -3*r = -3*g + 5*g - 960, g = 3*r + 480. Calculate the greatest common divisor of g and 600.
120
Let q(k) = -k**3 - k**2 - k + 38. Let w be q(0). Suppose 4*n - w = 14. Calculate the greatest common divisor of n and 26.
13
Suppose 85*i = 102*i - 42024. Calculate the greatest common divisor of 24 and i.
24
Let c(h) = 23*h**3 - 4*h**2 + 2*h. Let z be c(1). Let n = -77 - -120. Let v be -2 + n + 0 + 1. What is the greatest common factor of v and z?
21
Let l(a) = 7*a - 8*a + 7 - 6. Let j be l(-4). Let n be (-203)/((-5)/j) + 0. What is the highest common divisor of n and 29?
29
Let g = 4 + -1. Let k be (-1)/((-7)/2) - (-8)/(-28). Suppose -3*l + c = -2*l - 6, -2*l - 3*c - g = k. Calculate the highest common divisor of 12 and l.
3
Let j(m) = 9*m**2. Let g be j(1). Suppose -x = k - 1, -x - 2*k + 0*k = 3. Suppose -u = -x*u + 36. What is the greatest common divisor of u and g?
9
Suppose -5*d + 20 = -4*c, 8 = 2*d - 5*c - 0. Suppose 2*q - d*q + 18 = -5*j, 4*q = 5*j + 26. What is the greatest common divisor of 28 and q?
4
Let v(t) = -t**3 - t + 48. Let o be v(0). Let r(z) = -z + 6. Let s be r(6). Suppose -3*w + 10 + 8 = s. Calculate the highest common divisor of o and w.
6
Let v(d) = -57*d + 3. Suppose 8*g - 3*g + 20 = 0. Let a be v(g). Let r(h) = -21*h**3 - h - 1. Let q be r(-1). Calculate the highest common factor of a and q.
21
Let z be (-1 + 0)*285/(-5 - 0). What is the greatest common factor of 114 and z?
57
Let k(z) = z + 14. Let x be k(-11). Let m be (x - -129) + -1 + 2. Let p = m + -68. What is the greatest common factor of p and 13?
13
Let w(r) = -2*r**2 - 11*r + 3